 - 132. What is the remainder when i is divided by 23?
20
Let i be 10/(-45) - (-94)/18. Let u(h) = -h**3 + 7*h**2 - 9*h + 6. Calculate the remainder when 31 is divided by u(i).
9
Suppose -3*m + m + 42 = 0. Suppose 5*w - m = 2*w. Calculate the remainder when 20 is divided by w.
6
Suppose 3*a - 2*a = i + 43, -2*i = a - 28. Calculate the remainder when a is divided by 14.
10
Let v = -6 - -11. Let r be 46/(-4) - v/10. Calculate the remainder when (r/(-7))/(4/112) is divided by 25.
23
Let l = -13 + 9. Suppose -f + 3*r + 25 = -9, -4*f + 2*r = -86. Calculate the remainder when f is divided by l/(-4) - -3*3.
9
Suppose -3*l + 38 = -2*l. Calculate the remainder when l is divided by 20.
18
Suppose 2*g = -0*g + 5*m + 104, -4*m - 16 = 0. Calculate the remainder when g is divided by 9.
6
Let c be (2 - 1) + 0 - 1. Let z(r) = -r - 34. Let a(o) = -o - 34. Let u(j) = 5*a(j) - 6*z(j). Calculate the remainder when u(c) is divided by 18.
16
What is the remainder when (104/(-10))/((-2)/15) is divided by 20?
18
Suppose 5*a - 47 = 63. What is the remainder when a is divided by 6?
4
Let b = -13 - -23. Calculate the remainder when 19 is divided by b.
9
Let k(b) = -b**3 - b**2 + 2*b + 4. Calculate the remainder when k(-3) is divided by ((-12)/6)/(-4 + (-18)/(-5)).
1
Let n(s) = s**2 - 3*s - 5. What is the remainder when n(-2) is divided by ((-5)/2 - -2)*-4?
1
Suppose 0 = 7*g - 3*g - 20. Suppose 12 = 2*b + 4*s, -2 = 2*b - g*s + 4. What is the remainder when 11 - ((3 - 5) + b) is divided by 7?
4
What is the remainder when 24 is divided by ((-13)/5)/(9/(-45))?
11
Suppose 0 = i + i - 30. What is the remainder when 43 is divided by i?
13
Suppose k - 35 = 2*m, -4*k - 4*m + 29 = -3*k. Let g(d) = d**3 + 5*d - 1. What is the remainder when k is divided by g(2)?
16
Let k(m) = m**2 + 5*m - 11. What is the remainder when k(-8) is divided by 1*-3 - 98/(-14)?
1
Suppose 4*f - 81 = -p, 0 = -3*f + 2*f + p + 14. What is the remainder when 5/10 + 142/4 is divided by f?
17
Suppose 5*a - a - 3*s - 74 = 0, -3*a = 3*s - 66. Let v = -25 + 65. Suppose -k + 5*k - 3 = -r, -2*k = 4*r - v. Calculate the remainder when a is divided by r.
9
Suppose 3*a + 8 = 2*o - 16, a = 5*o - 60. Calculate the remainder when 23 is divided by o.
11
Let r(c) = -c**3 - c + 3. Let z be r(0). Let n(v) = -v**3 + 3*v**2 + v + 1. What is the remainder when 9 is divided by n(z)?
1
Let i(m) = m**3 + m - 7. Let j be i(0). Let g = 22 + j. Suppose h = -2*p + 21, -3*h + 8 + g = -4*p. Calculate the remainder when 24 is divided by h.
11
Suppose -3*r + r = a - 1282, 3*r - 1916 = 2*a. Calculate the remainder when 4/(-22) + r/11 is divided by 15.
13
Suppose w + 0 = 15. What is the remainder when w is divided by 5?
0
Suppose -4*v - 4*t + 30 = -2, 34 = 5*v + 2*t. Let c = v + 0. What is the remainder when 15 is divided by c?
3
Let k be (1 - 3) + (0 - -4). Let r(a) = a**3 + 6*a**2 + 6. Let o be r(-6). Calculate the remainder when k + -4 + o*5 is divided by 15.
13
Suppose -4*g - 20 = 0, 2*g + 25 = 2*f - 39. Calculate the remainder when 47 is divided by f.
20
Suppose 9 + 11 = 2*c. Calculate the remainder when 18 is divided by c.
8
Let v be (-1)/(2*1/(-2)). Let k be (-3)/2 - v/2. Let a(i) = 4*i**2 - 2*i. Calculate the remainder when 38 is divided by a(k).
18
Suppose -40 = 4*g - 144. Suppose 4*i + i - 10 = 0. Suppose x - 3*n - 8 = 0, -i*n + 36 = 2*x + 2*n. What is the remainder when g is divided by x?
12
Let l(y) = -y**2 - 11*y + 6. Suppose 4*s - 3*c + 28 = 0, 0*s + 10 = s - 5*c. Let i be 20/(-50) + 106/s. What is the remainder when 15 is divided by l(i)?
3
Suppose -8*w + 59 = -109. Calculate the remainder when 125 is divided by w.
20
Let m = 53 + -32. Suppose -5*u = 5*s - 310, -2*s - s + u + 182 = 0. What is the remainder when s is divided by m?
19
Let n(q) = q**2 - q - 4. What is the remainder when 39 is divided by n(4)?
7
Let c(i) = i - 5. Let h be c(-4). Suppose -54 = 4*a - a + v, -3*v + 76 = -5*a. Let g = h - a. Calculate the remainder when 14 is divided by g.
6
Let q be 6/(-4)*2 - -47. What is the remainder when 1*(q + -3)/1 is divided by 14?
13
Let k(r) = -9*r - 11. Let h(o) = -8*o - 3. What is the remainder when h(-6) is divided by k(-3)?
13
Let h be 274 + 3*2/(-3). Suppose -3*c + h = c. Suppose 2*f + j - 66 = -6, -2*f + j = -c. Calculate the remainder when f is divided by 17.
15
Suppose 4*c - 45 - 201 = -2*h, 2*c - 129 = 5*h. Let y = 147 + -104. What is the remainder when y is divided by 1/(-2) + c/4?
13
Let z be (2 - 5) + 1*3. What is the remainder when 89 is divided by 23/1 + z/(-2)?
20
Let p(r) be the second derivative of -r**4/12 - 17*r**3/6 - r**2/2 + 4*r. What is the remainder when p(-12) is divided by 15?
14
Suppose 4 = 3*n + v + 4*v, 0 = 5*n - v - 44. Suppose -8*k + 377 = 5*k. What is the remainder when k is divided by n?
5
Suppose 0 = 3*b + 6, 18 = -2*v - 2*b + 48. What is the remainder when 33 is divided by v?
16
Suppose -35 = -5*a + 60. Calculate the remainder when 56 is divided by a.
18
Let z be 2 + (-5)/1 - -83. Suppose -c + z = c. Calculate the remainder when c is divided by 14.
12
Let i be 12*(-1 + (-3)/(-2)). Let o(p) = -i - 5*p + 2*p + 4*p. What is the remainder when 6 is divided by o(10)?
2
Let i(a) = -a + 1. Let m(f) = -f + 2. Let b be m(3). Let g(z) = 3*z + 1. Let l be g(b). Calculate the remainder when 4 is divided by i(l).
1
Let s(k) = -2*k + 2. Suppose 0*c - 3*c + 84 = 0. What is the remainder when c is divided by s(-4)?
8
Suppose -4*h = 5*j - 15, 0 = -5*h + j + j + 27. Suppose -y + h = -8. Calculate the remainder when (-1)/(-2) - (-404)/8 is divided by y.
12
What is the remainder when (-11)/(3 + (-66)/21) is divided by 20?
17
Let t be (12/10)/((-4)/(-10)). Suppose 2*n + h - t = 25, -60 = -4*n - 4*h. Let c = -8 + n. What is the remainder when c is divided by 2?
1
Let v(f) = -5*f + 5. Let h be ((-10)/(-4))/5*62. Suppose 6 - h = -5*a, 4*a - 5 = -3*w. Calculate the remainder when v(w) is divided by 16.
14
Let n = 1 + 2. Suppose 4*q - 6 = 5*b - 73, -q - 36 = -n*b. What is the remainder when 20 is divided by b?
9
Let m(w) = -4*w + 75. Let r = 1 - 1. Calculate the remainder when r - (2 + (-60)/2) is divided by m(15).
13
Suppose c - 11 = -4*q + q, -2*q - 2 = -4*c. Suppose 24 = -5*o + 3*p, -5*o - 6 = 4*p - q. Calculate the remainder when 11 is divided by 30/25*(-10)/o.
3
Let q = 136 + -84. Suppose 4*d + 3*b = 97, 5*b = 2*d - 3 - q. Calculate the remainder when d is divided by 9.
7
Suppose i - j = 4, i = -0*i - j - 6. Let b = i - -10. What is the remainder when 15 is divided by b?
6
Suppose 0 = 4*i + 3*q - 77, -5*i + 117 = -4*q + 13. What is the remainder when 48 is divided by i?
8
Let b = -46 - -91. Calculate the remainder when b is divided by 10.
5
Let k be (14/(-8))/((-7)/(-28)). Let y = 14 + k. Calculate the remainder when y is divided by 4.
3
Suppose -15 = 5*s, 3*j - 2*s = -0*j + 18. Let d be j + -1 + -2 + 1. Suppose -48 = d*o - 5*o. Calculate the remainder when o is divided by 6.
4
Let y(s) = -15*s**3 + 2*s**2 - 1. Let a be y(1). Let d = 36 + -14. Let b = d + a. Calculate the remainder when 15 is divided by b.
7
Suppose 5*o = -3*f - 0*f + 428, -o = -2*f - 96. What is the remainder when o is divided by 23?
19
Let h = 111 - 66. Suppose 15 = o - 5*l, 0*o + 3*o - h = 5*l. Calculate the remainder when o is divided by 8.
7
Let y be (-3)/(-12) - (-14)/8. Suppose -5*i + 68 = -y. Let b = 12 - -14. Calculate the remainder when b is divided by i.
12
Let a = 12 + -8. What is the remainder when 10 is divided by a?
2
Calculate the remainder when (-5)/(-10) + 36/8 is divided by 5.
0
Let y be (-6)/15 - (-264)/(-15). Let c be 4/y - 4/(-18). Suppose i - 15 = 5*h + 10, 3*h + 12 = c. Calculate the remainder when 9 is divided by i.
4
What is the remainder when ((-15)/(-9) - 2)/1*-582 is divided by 15?
14
Let h be (0/(-2))/(6 - 8). Let b = 5 + h. What is the remainder when 29 is divided by (-2)/(-5) + 73/b?
14
Suppose 5*m - 2*m + 45 = 0. Let w = m + 23. What is the remainder when -2 - (0 + -14 + -2) is divided by w?
6
Let i(k) = -3*k - 3. Suppose -6 = -4*p + 14, -2*d - 3*p = -85. What is the remainder when d is divided by i(-4)?
8
Suppose m - 3 - 11 = 0. Let v(l) be the second derivative of l**3/3 - l**2/2 + l. Calculate the remainder when m is divided by v(3).
4
Calculate the remainder when 7 is divided by 3*(-3)/(45/(-20)).
3
Ca